s 2958821 a prime number?
True
Is 773331973 prime?
True
Is 615817 prime?
False
Is 7292143 composite?
True
Is 7511243 composite?
False
Is 22546 a prime number?
False
Is 1913683 a composite number?
False
Is 146896109 composite?
False
Is 138511549 a composite number?
True
Is 125162285 a composite number?
True
Is 13499203 a composite number?
True
Is 82063697 a prime number?
False
Is 147547195 a prime number?
False
Is 3281137 prime?
True
Is 27431237 a composite number?
True
Is 4635409 a composite number?
True
Is 819257 a composite number?
True
Is 2755177 prime?
True
Is 100458403 a prime number?
True
Is 31131109 a composite number?
True
Is 7099447 a composite number?
True
Is 18605189 a prime number?
True
Is 917404591 composite?
False
Is 341423 a composite number?
False
Is 7363 prime?
False
Is 12278299 a prime number?
False
Is 1604983 a composite number?
False
Is 740717 prime?
True
Is 4189161 prime?
False
Is 37247351 prime?
True
Is 14690693 prime?
False
Is 4555367 a prime number?
True
Is 62695 a composite number?
True
Is 3457381 a composite number?
False
Is 6556601 prime?
True
Is 29239111 composite?
True
Is 18972533 prime?
False
Is 39022829 a prime number?
True
Is 473735 a composite number?
True
Is 65459 a prime number?
False
Is 81686123 a composite number?
False
Is 1497601 prime?
False
Is 64654543 a composite number?
True
Is 2519697 composite?
True
Is 9539659 composite?
True
Is 3332687 a composite number?
False
Is 361033 prime?
True
Is 361849595 a prime number?
False
Is 74198141 composite?
False
Is 2984117 a prime number?
True
Is 76794869 composite?
True
Is 15639781 prime?
True
Is 3383879 a prime number?
True
Is 4195117 a composite number?
False
Is 5143781 prime?
True
Is 172435573 composite?
True
Is 3252281 prime?
True
Is 2356019 a composite number?
True
Is 389628887 a prime number?
True
Is 2650321 a composite number?
False
Is 346303 prime?
True
Is 4999507 a composite number?
False
Is 600533 prime?
False
Is 4300229 a composite number?
False
Is 7094261 prime?
False
Is 95980739 a prime number?
False
Is 1443891 a composite number?
True
Is 6673073 composite?
True
Is 32918261 composite?
False
Is 43597919 a composite number?
False
Is 567193 a composite number?
True
Is 58853539 a prime number?
True
Is 2946186439 prime?
False
Is 21135691 prime?
True
Is 8139497 a prime number?
True
Is 410029 a prime number?
True
Is 5817169 a prime number?
False
Is 799845421 prime?
True
Is 109656949 composite?
False
Is 6512245 composite?
True
Is 253559 a prime number?
False
Is 91916987 prime?
True
Is 709139 prime?
True
Is 530435 a composite number?
True
Is 18765493 composite?
True
Is 33342161 composite?
True
Is 44341859 a composite number?
True
Is 17728511 composite?
True
Is 10345721 a composite number?
True
Is 5323061 a prime number?
True
Is 64619053 composite?
False
Is 2301911 composite?
True
Is 1188379 composite?
True
Is 76324561 prime?
False
Is 29826547 a prime number?
False
Is 1287731 a composite number?
False
Is 1149643123 composite?
True
Is 69960167 prime?
False
Is 180326621 a composite number?
False
Is 26475593 a prime number?
True
Is 83427535 composite?
True
Is 91934629 prime?
True
Is 1330577 a composite number?
False
Is 6139613 a composite number?
False
Is 3903049 prime?
False
Is 6251339 prime?
True
Is 4126877 prime?
False
Is 12877777 composite?
True
Is 117681887 prime?
True
Is 154543 prime?
True
Is 345265913 a composite number?
False
Is 5556349 composite?
True
Is 8165734199 a composite number?
True
Is 4589459 a prime number?
False
Is 10898971 prime?
False
Is 142311899 prime?
True
Is 25804739 prime?
False
Is 1079173 a prime number?
True
Is 16084903 composite?
True
Is 192267211 a prime number?
False
Is 321895523 a composite number?
True
Is 50726503 a composite number?
False
Is 83742041 a prime number?
True
Is 560657 a prime number?
False
Is 6435647 prime?
False
Is 182522333 a prime number?
False
Is 88337003 a composite number?
False
Is 19821097 prime?
False
Is 77297723 composite?
True
Is 38409361 composite?
True
Is 469973 a composite number?
True
Is 254183221 a prime number?
False
Is 704699 composite?
True
Is 8228327 composite?
False
Is 166888141 prime?
False
Is 6806479 a prime number?
True
Is 2403619 a prime number?
True
Is 30373961 prime?
False
Is 29472941 a composite number?
False
Is 26222743 a composite number?
False
Is 55888337 prime?
True
Is 144133009 a composite number?
False
Is 12112319 composite?
False
Is 74877937 a prime number?
False
Is 365274229 composite?
False
Is 133518401 composite?
False
Is 2186039 a prime number?
True
Is 339119767 a composite number?
True
Is 16191965 a composite number?
True
Is 3833797 a composite number?
True
Is 1006497407 composite?
False
Is 168525817 composite?
True
Is 77629 composite?
True
Is 17781691 a prime number?
False
Is 1003507 composite?
False
Is 4151987 a composite number?
True
Is 22346647 a composite number?
False
Is 12474019 composite?
True
Is 37561445 a composite number?
True
Is 59027041 composite?
True
Is 3875797 a prime number?
True
Is 845131681 composite?
False
Is 7272449 a prime number?
True
Is 22918621 prime?
False
Is 3668543 prime?
True
Is 2758533 a prime number?
False
Is 3354467 a prime number?
True
Is 52119973 composite?
False
Is 142859153 a composite number?
False
Is 795449 composite?
False
Is 5330107 a prime number?
True
Is 131739269 a composite number?
False
Is 3726797 composite?
False
Is 704645 a composite number?
True
Is 65400523 composite?
True
Is 739478 a prime number?
False
Is 70715413 a composite number?
False
Is 1633679 composite?
False
Is 116266303 a composite number?
False
Is 942904591 prime?
True
Is 2433077 composite?
False
Is 4477981 composite?
True
Is 1599602 a prime number?
False
Is 272561 a composite number?
True
Is 123657907 composite?
False
Is 54103219 composite?
False
Is 6713191 a composite number?
False
Is 7509709 a prime number?
True
Is 6138113 prime?
True
Is 1076893 prime?
True
Is 463771861 composite?
True
Is 5809399 composite?
False
Is 5693431 composite?
False
Is 2769491 a composite number?
True
Is 14374213 prime?
False
Is 6273269 composite?
True
Is 51201967 a prime number?
False
Is 12472721 a prime number?
False
Is 2437831 a composite number?
True
Is 44830307 prime?
False
Is 303715141 a composite number?
True
Is 117581762 composite?
True
Is 669839 composite?
False
Is 908015 composite?
True
Is 291242047 prime?
True
Is 8082499 a composite number?
True
Is 4551473 a prime number?
True
Is 2085929 a prime number?
True
Is 5015971 a prime number?
True
Is 62538209 a composite number?
False
Is 2040377 composite?
False
Is 1951529 prime?
True
Is 621721 prime?
True
Is 958121 prime?
True
Is 1135709 composite?
True
Is 48442237 a composite number?
False
Is 13379711 prime?
True
Is 19860089 a prime number?
False
Is 24833461 a composite number?
False
Is 12199813 a prime number?
True
Is 2140289 a composite number?
True
Is 9085763 prime?
True
Is 163846861 a prime number?
False
Is 23976779 composite?
False
Is 1434022 composite?
True
Is 42589121 a prime number?
True
Is 3537167 a prime number?
False
Is 118994199 a prime number?
False
Is 96064379 a prime number?
True
Is 6296197 composite?
False
Is 32348983 prime?
False
Is 43937077 composite?
False
Is 3809051 a prime number?
True
Is 15973409 a composite number?
False
Is 5501003 a prime number?
True
Is 266968487 composite?
True
Is 604864579 prime?
False
Is 214182277 a composite number?
True
Is 446966515 composite?
True
Is 155313181 a prime number?
False
Is 259249283 prime?
True
Is 3266327 a prime number?
True
Is 10358861 prime?
True
Is 531277 prime?
False
Is 26656283 composite?
False
Is 22914809 prime?
True
Is 56343481 a composite number?
False
Is 4052429 prime?
True
Is 1346216231 composite?
True
Is 5511997 prime?
True
Is 169759 composite?
True
Is 444826603 prime?
False
Is 46205399 a prime number?
False
Is 59159579 composite?
True
Is 5033771 a prime number?
True
Is 4508967 prime?
False
Is 9296621 composite?
True
Is 8087333 prime?
True
Is 1294301 a prime number?
True
Is 7878083 prime?
False
Is 31934503 composite?
True
Is 57872467 composite?
False
Is 15417229 prime?
True
Is 4980253 a prime number?
True
Is 281641 a prime number?
True
Is 14437 composite?
False
Is 1967649 composite?
True
Is 1963841 a prime number?
False
Is 7228847 a prime number?
False
Is 2267905